Does 969 divide 27241497?
True
Is 15259383 a multiple of 74?
False
Does 2992 divide 120807984?
True
Is 32755501 a multiple of 253?
False
Is 311 a factor of 196004270?
False
Does 231 divide 6437046?
True
Is 17 a factor of 281905918?
False
Does 1305 divide 179385085?
False
Does 583 divide 156055108?
True
Does 617 divide 7934942?
False
Is 407 a factor of 1956501503?
True
Is 944922220 a multiple of 17?
True
Does 287 divide 238647267?
False
Does 10 divide 11445780?
True
Is 759802374 a multiple of 210?
False
Does 187 divide 8601322?
False
Is 3970 a factor of 594205780?
True
Is 1787106 a multiple of 65?
False
Is 634 a factor of 13700106?
True
Does 14 divide 238625002?
True
Is 37 a factor of 36008792?
False
Is 172058940 a multiple of 18?
True
Is 484 a factor of 129039499?
False
Is 53 a factor of 52435020?
True
Is 1867818808 a multiple of 2305?
False
Is 3166669 a multiple of 13?
False
Does 1135 divide 6280322740?
True
Does 9 divide 233869615?
False
Does 2097 divide 211166939?
False
Is 1802665033 a multiple of 519?
False
Is 2 a factor of 11132226?
True
Is 65 a factor of 17512885?
True
Is 207116316 a multiple of 18?
True
Is 23 a factor of 676899005?
False
Does 837 divide 498987895?
False
Does 396 divide 410167692?
True
Does 1130 divide 2210241580?
True
Is 446 a factor of 121997502?
True
Is 2031 a factor of 102969669?
True
Does 557 divide 275955078?
False
Is 4 a factor of 1328298568?
True
Does 16 divide 496768810?
False
Is 631392 a multiple of 8?
True
Does 123 divide 503600991?
True
Is 47340300 a multiple of 16?
False
Is 42 a factor of 15792042?
True
Is 56 a factor of 319080587?
False
Is 1651978 a multiple of 547?
False
Is 17 a factor of 94073459?
False
Does 215 divide 99115860?
True
Is 172676123 a multiple of 34?
False
Does 11 divide 141033274?
False
Is 4538978 a multiple of 404?
False
Does 133 divide 21489342?
True
Does 11 divide 795843686?
True
Does 1608 divide 76092168?
True
Is 2237 a factor of 201902736?
False
Is 44 a factor of 58589564?
True
Is 85094281 a multiple of 59?
False
Is 46470729 a multiple of 3?
True
Does 5 divide 18038206?
False
Is 838125115 a multiple of 10125?
False
Is 40 a factor of 35191280?
True
Is 28458723 a multiple of 4?
False
Is 418544278 a multiple of 31?
False
Is 558581898 a multiple of 42?
True
Does 214 divide 51068532?
True
Does 4 divide 233081854?
False
Is 3272220 a multiple of 630?
True
Is 104 a factor of 944545034?
False
Is 2118153120 a multiple of 40?
True
Is 476942369 a multiple of 599?
True
Is 113027384 a multiple of 29?
True
Does 24 divide 148612416?
True
Does 102 divide 83507389?
False
Does 32 divide 1476647904?
True
Does 30 divide 38223540?
True
Is 29617280 a multiple of 40?
True
Does 462 divide 20107551?
False
Is 27 a factor of 22122158?
False
Is 139467493 a multiple of 180?
False
Does 155 divide 136731118?
False
Is 41640384 a multiple of 2170?
False
Is 119 a factor of 40347545?
True
Is 6 a factor of 451243640?
False
Is 1784 a factor of 142737840?
True
Is 187586364 a multiple of 68?
True
Does 961 divide 627208182?
True
Does 206 divide 224800859?
False
Is 1966 a factor of 192158806?
True
Does 16 divide 10784264?
False
Is 557929674 a multiple of 7?
False
Is 77 a factor of 1592190?
False
Is 5284872 a multiple of 515?
False
Is 51253515 a multiple of 1848?
False
Is 7561 a factor of 521135557?
False
Does 66 divide 33346957?
False
Is 173 a factor of 941606895?
False
Is 14 a factor of 235142462?
False
Does 417 divide 109808610?
True
Does 458 divide 48703262?
True
Does 179 divide 360870339?
False
Is 1782 a factor of 396848583?
False
Is 3876 a factor of 566173058?
False
Does 180 divide 307653120?
True
Is 88002690 a multiple of 141?
False
Does 578 divide 211963582?
True
Is 1280 a factor of 107274240?
True
Does 5 divide 27314325?
True
Is 4842370 a multiple of 361?
False
Does 5188 divide 194309195?
False
Is 91313256 a multiple of 24?
True
Is 21010800 a multiple of 24?
True
Is 370 a factor of 252800295?
False
Is 121889532 a multiple of 563?
False
Is 40249351 a multiple of 52?
False
Is 53 a factor of 1619333619?
False
Is 6822 a factor of 877970934?
True
Is 70671452 a multiple of 6?
False
Is 99588714 a multiple of 2879?
False
Is 122805234 a multiple of 621?
True
Is 324216470 a multiple of 46?
False
Does 12 divide 13077576?
True
Is 209 a factor of 5517809?
True
Is 1296862775 a multiple of 47?
True
Is 252084007 a multiple of 17?
True
Is 1353 a factor of 84868278?
True
Is 1411873278 a multiple of 6?
True
Does 10 divide 234623770?
True
Is 94272410 a multiple of 1235?
False
Is 2 a factor of 19350541?
False
Is 26682891 a multiple of 573?
True
Does 53 divide 2159558511?
True
Is 15008806 a multiple of 122?
True
Is 96625097 a multiple of 2300?
False
Is 1077 a factor of 150173649?
True
Is 110 a factor of 456463260?
True
Is 5138 a factor of 319813710?
False
Does 1467 divide 41164020?
True
Does 12 divide 393655800?
True
Is 115482249 a multiple of 54?
False
Does 264 divide 92865432?
True
Is 513 a factor of 3001855410?
True
Is 120238399 a multiple of 17?
True
Is 21266382 a multiple of 499?
True
Is 98 a factor of 1041098005?
False
Does 14 divide 43446438?
True
Is 56 a factor of 132612002?
False
Does 849 divide 1095018126?
True
Is 44 a factor of 717260768?
False
Is 13118604 a multiple of 1504?
False
Is 13314833 a multiple of 248?
False
Does 121 divide 468765111?
False
Is 54285060 a multiple of 345?
True
Does 6259 divide 5693600318?
False
Is 3495 a factor of 324282422?
False
Is 370 a factor of 201730290?
True
Is 1443 a factor of 31803720?
True
Is 7 a factor of 93586612?
True
Is 26251293 a multiple of 19?
True
Is 281383344 a multiple of 564?
False
Is 25 a factor of 21651800?
True
Is 378 a factor of 11185788?
False
Does 856 divide 5901189528?
True
Does 28 divide 77789376?
True
Does 6230 divide 8298360?
True
Does 53 divide 91617496?
True
Does 53 divide 19957097?
True
Is 62026302 a multiple of 1326?
True
Is 601777386 a multiple of 18?
True
Does 7 divide 27466197?
False
Does 2663 divide 371946536?
True
Is 5361876 a multiple of 351?
True
Does 5 divide 255791490?
True
Is 100 a factor of 279977257?
False
Is 363881620 a multiple of 460?
True
Does 20 divide 10081410?
False
Is 55098128 a multiple of 8?
True
Is 166 a factor of 97267368?
True
Is 448732072 a multiple of 8?
True
Is 15 a factor of 2548559175?
True
Does 5 divide 10765552?
False
Is 11334159 a multiple of 7?
False
Is 600537680 a multiple of 10?
True
Does 20 divide 36505460?
True
Is 104632220 a multiple of 11?
True
Does 810 divide 596750259?
False
Is 1211999 a multiple of 376?
False
Is 76179300 a multiple of 30?
True
Is 1128 a factor of 2642532888?
True
Is 2582915 a multiple of 36?
False
Is 5 a factor of 3486923?
False
Is 1288439646 a multiple of 4083?
True
Does 10 divide 29327350?
True
Is 4212440 a multiple of 35?
False
Is 12168648 a multiple of 147?
False
Is 68 a factor of 156395256?
False
Is 12 a factor of 5134075?
False
Is 11866804 a multiple of 33?
False
Is 42516502 a multiple of 6?
False
Does 342 divide 2171350741?
False
Is 78683146 a multiple of 376?
False
Is 1990 a factor of 47008579?
False
Does 530 divide 694638140?
True
Is 260472072 a multiple of 137?
True
Is 4 a factor of 77925?
False
Is 31 a factor of 125401261?
False
Is 6498888 a multiple of 956?
True
Is 37 a factor of 13837755?
False
Is 3695722810 a multiple of 26?
True
Is 527 a factor of 771324051?
True
Is 73 a factor of 24415215?
True
Does 70 divide 190758187?
False
Does 518 divide 70677065?
False
Is 221 a factor of 395970356?
False
Is 13235664 a multiple of 52?
True
Is 1262572024 a multiple of 66?
False
Does 67 divide 18312229?
False
Is 70579417 even?
False
Is 921555333 a multiple of 53?
False
Does 158 divide 78000560?
False
Is 8 a factor of 11317249?
False
Is 1060668 a multiple of 1563?
False
Is 6338501 a multiple of 17?
True
Is 802970 a multiple of 9?
False
Does 16 divide 15855808?
True
Is 13 a factor of 38042840?
False
Does 62 divide 5236950?
False
Is 108 a factor of 24092503?
False
Is 52564470 a multiple of 42?
True
Is 262 a factor of 1308815498?
True
Does 114 divide 13207470?
True
Is 2719144332 a multiple of 12?
True
Is 881633768 a multiple of 7804?
False
Is 72 a factor of 457684772?
False
Is 637647168 a multiple of 498?
True
Is 816392784 a multiple of 16?
True
Does 174 divide 4076820?
True
Does 625 divide 288704545?
False
I